2 + 2*k + 1. Let p be 6 - (15 + (-5 - -1)). Calculate y(p).
16
Suppose 7 = 3*j + 1. Let r(q) = -q**3 + q + 2. Let a(c) = -1. Let l(n) = -2*a(n) - r(n). Give l(j).
6
Let t = -11 - -1. Let j be -15*(t/6 - -2). Let q(k) = -7*k**2 - k + 2. Let b(g) = g**2 - g - 1. Let l(d) = -6*b(d) - q(d). Give l(j).
-6
Suppose 19 = -3*m - 3*t - 38, -3*t = 12. Let s be (-24)/m + 2/5. Suppose d + s = 4. Let o(z) = z - 2. Give o(d).
0
Let j(k) = -2*k**3 - 2*k**2 + 1. Let h be 14/7 - (-5)/1. Let r = -6 + h. Calculate j(r).
-3
Let f(c) = -c - 1. Let t(b) = -1 - 6*b + 9*b + 2. Let s(n) = 5*f(n) + t(n). Suppose 2 = j - x + 8, -3*x - 22 = 5*j. Calculate s(j).
6
Let k(j) be the third derivative of -1/120*j**6 - 1/2*j**3 - 1/12*j**4 + 0 + 0*j + 2*j**2 + 1/12*j**5. Calculate k(4).
5
Let w(i) = 2*i + 1. Let m be w(1). Suppose -m*u - 7 = 5. Let b(c) = -c + 1. Determine b(u).
5
Let z = 6 - 10. Let o be 20/z*(-2)/(-5). Let m(x) be the first derivative of -x**2 - x - 1. Determine m(o).
3
Let p(l) = -13*l + 12. Let b(q) = 3*q - 3. Let o(w) = -9*b(w) - 2*p(w). Give o(5).
-2
Let z(h) = -10 - 2*h + 0*h + 8. Calculate z(-2).
2
Let g be (2*(-6)/4)/(-1). Let a(k) = k + 3 - 3 + g. Give a(6).
9
Let u = 118 - 108. Let y(n) = n**2 - 10*n + 3. Give y(u).
3
Let i = -1 - -1. Let x be 2 + (-2)/(-2)*1. Let f(o) = 3*o + o**2 + x*o**3 - 4*o**3 - 4 - 4*o. Give f(i).
-4
Suppose -2 = -k, -k = -0*s + 5*s - 17. Let n = s - 0. Suppose -n = -p - 2*p. Let h(g) = -9*g**3 + g - 1. Give h(p).
-9
Let v = -6 + 8. Suppose -10 = -v*i + 4*i. Let u(j) = j + 6. What is u(i)?
1
Suppose -x + 12 = 3*x. Let z be 2/(-8) - (-2)/8. Let f(q) = -q**2 + 5*q + z*q**2 + 2*q**2 + 2 - x. Calculate f(-6).
5
Let c be 58/18 + 6/(-27). Suppose c = 3*r - 2*r. Suppose z + 13 = -4*b, 2*b - z + 2 = -r*z. Let g(h) = h**3 + 4*h**2 - h - 2. Determine g(b).
2
Suppose b + 3 - 8 = 2*o, -4 = 2*o - 2*b. Let n(s) be the second derivative of s**4/12 + s**3/2 - 2*s. What is n(o)?
0
Let a(t) = -5. Let n(h) = -h + 3. Let f(q) = q - 2. Let r(z) = -3*f(z) - 2*n(z). Let d(g) = -a(g) + 3*r(g). Determine d(4).
-7
Let q = 4 - 2. Suppose -1 = -q*i + 5. Let j(l) = -5*l**2 + 2*l**2 - 2*l**3 + 3*l**3 + 2*l. Determine j(i).
6
Let q(z) be the first derivative of z**3/3 + 7*z**2/2 + 8*z + 3. Determine q(-6).
2
Let y(t) = t**3 - 5*t**2 + t - 5. Let x(v) = 2*v - 9. Let c = -2 + 9. Let r be x(c). Determine y(r).
0
Let t(n) = -3*n + 3. Let q(u) = -u**2 + u + 1. Let v(a) = q(a) - t(a). Let y(k) be the first derivative of v(k). What is y(5)?
-6
Suppose z - 50 - 2 = 0. Suppose -7*n + z = -3*n. Let x = -8 + n. Let u(k) = -k**2 + 7*k - 4. Give u(x).
6
Suppose 17 = n + g, -g - 4*g = -5. Suppose o = 5*l - 17, -2*l - 2*l + 2*o = -n. Let d(x) = 4*x - 12. Let b(h) = -1. Let j(i) = -8*b(i) + d(i). Determine j(l).
8
Let h(f) = f + 10. Let o be h(-10). Suppose -3*v + 2*n = 21, -v - 2*n + 1 + 0 = o. Let x(l) = l**3 + 4*l**2 - 6*l + 2. Calculate x(v).
7
Suppose -5*a + a = -p - 14, p + 11 = 3*a. Let f(y) = 3*y**3 - 4*y**3 + 36 - 39 + 3*y**2 + y. Determine f(a).
0
Let n(b) = -b**3 + 8*b**2 + 9*b - 6. Suppose 4*c + 4*z = 44, z + 34 = 4*c - 0*z. What is n(c)?
-6
Let b(x) = x. Let o be b(2). Suppose h + 0*f = -o*f + 11, -h + 2*f - 9 = 0. Let s(p) = 2*p + 3. Let z(c) = -c + 1. Let d(j) = s(j) - 3*z(j). Calculate d(h).
5
Let j be 2 + (-1 + 9)/2. Let f(l) be the second derivative of l**3/6 - 11*l**2/2 + l. What is f(j)?
-5
Let n(a) = a + 10. Let y(i) = i**3 + 5*i**2 + i - 2. Let u be y(-5). What is n(u)?
3
Suppose -p = -3*g + 13, -5*g + 4*p + 22 = -3*g. Let q = 0 - g. Let n(z) = -z**2 - z + 4. What is n(q)?
-2
Let t(r) be the first derivative of r**3/3 + 3*r**2 + 6*r + 10. What is t(-6)?
6
Let i(w) = -w**2 - 9*w - 1. Suppose 0 = -17*g + 6*g - 66. Give i(g).
17
Let p = 19 + -12. Let m(x) = 2*x - 3. Give m(p).
11
Let w(k) = k**2 - 4. Let q(g) = -g - 7. Let y be q(-4). Let i(f) = -f**3 - 4*f**2 - 3*f - 3. Let o be i(y). Determine w(o).
5
Suppose 0 = -4*a + 16 - 0. Let t(y) be the third derivative of 0 - 7/6*y**3 + 0*y + 1/24*y**4 + 2*y**2. What is t(a)?
-3
Suppose 0 = 3*a + 1 + 8. Let l = 1 - a. Let x be (3 + 1)*2/l. Let s(b) = -b**2 - b. What is s(x)?
-6
Let n(d) = -d**3 + 5*d**2 - d + 1. Let j(s) = -s**2 - 5*s - 3. Let u be j(-4). Suppose -4*k + 5 = k. Let v be u*(k + 2) - -2. Calculate n(v).
-4
Let n(a) = a**2 - 4*a - 6. Suppose -10 + 3 = -j. Let d = -2 + j. Determine n(d).
-1
Let r(x) = -x**3 - x**2 - 4. Let k(n) = -2*n**3 - 2*n**2 - 8. Let c(a) = -3*k(a) + 7*r(a). Let q(f) = -f - 3. Let g be q(-3). Give c(g).
-4
Let q(p) = 1. Let l(w) = -w**2 - 4. Let h be l(0). Let t(y) = -2*y + 4. Let d(s) = h*q(s) + t(s). Determine d(1).
-2
Let q(i) be the first derivative of i**6/360 + i**5/24 - i**4/12 - i**3 + 3. Let r(d) be the third derivative of q(d). Calculate r(-5).
-2
Let w(b) = -2*b**3 - 5*b**2 - 3*b - 1. Let a be ((-6)/9)/(2/9). Calculate w(a).
17
Let r(p) = -3*p - p + 8*p - 2 - 2*p**2 + 3*p**2. Let l(c) = c**3 + c**2 + c + 16. Let y be l(0). Suppose 2*i + 2*i + y = 0. Determine r(i).
-2
Let w(v) = v**3 + v**2 - v - 8. Suppose 3*p - 14 = p. Let t = -12 + p. Let z = 5 + t. Determine w(z).
-8
Let f = -7 - -7. Let g(q) = f + 3*q + 6 + 0. What is g(-6)?
-12
Let m(j) = -2*j**2 + 5*j - 1. Let d(r) = 2*r**2 - 6*r + 2. Let a(u) = -3*d(u) - 4*m(u). Give a(3).
10
Let b = -14 - -15. Let s(f) be the first derivative of -f**2 - b + f - 4/3*f**3. What is s(1)?
-5
Let w be 3 + (0 - 3) - 1. Let o = w - -3. Let a(t) = 0 - o*t + 5 + 0*t. Determine a(5).
-5
Let t(u) = u + 5. Let r be 0/(-8) + 5 + 0. Let s = 5 + -14. Let n = s + r. Determine t(n).
1
Let t(z) = 8*z + 9. Let b(y) = y + 1. Let w(s) = 14*b(s) - 2*t(s). Suppose -13 = 2*g - 5*n, 0 = -5*g + n - 6*n - 15. Determine w(g).
4
Let x = 8 - 7. Let d(q) = 3*q**2 + 6*q - 5. Let y(j) = 10*j**2 + 17*j - 14. Let n(l) = -17*d(l) + 6*y(l). What is n(x)?
10
Suppose -3*m - m + 13 = j, 3*j = 15. Let a(l) = -l**2 - 2*l + 2. What is a(m)?
-6
Let r be (-14)/(-3) - 8/12. Let j = r + 0. Let o(n) = -2*n - 4*n**2 + 3*n**2 + 1 + 5*n. Calculate o(j).
-3
Let b(n) = 11 - 20 + n + 7. Suppose -5*l = -8 - 7. Suppose -u + 8 = -5*j + l*u, 3*u + 21 = -3*j. Give b(j).
-6
Let z(q) be the second derivative of -q**4/12 + q**3 - 8*q. What is z(5)?
5
Suppose 6*w - 2*w = 0. Let k(y) = -4*y**2 + 3*y**2 + 2 - y**3 + 2*y**2 - 4 - y. Give k(w).
-2
Let r(s) = -2*s**2 - s + 2. Let t be (1/(-3))/((-2)/(-12)). Let a be t + (9 - (5 - 3)). Suppose -u - 12 = a*p, -2 = 2*p + 2*u + 6. What is r(p)?
-4
Let u(y) = 6 + y - 2 + y. Suppose -2*h - 17 = -3*b, h - b + 4 = -3. Calculate u(h).
-4
Let d(m) = -m**3 - 6*m**2 - m - 4. Let j be d(-6). Let c(z) = -3 - 4*z**2 - z**2 + 4*z + 4*z**j. Suppose 0 = -0*i + 2*i - 6. Calculate c(i).
0
Let p be (-18)/(-4) + (-30)/20. Let x(j) = j**2 - 2. What is x(p)?
7
Let o = 22 - 21. Let l(g) = 4*g**2 - 2*g + 1. Calculate l(o).
3
Let j(a) = a**2 + 3*a - 6. Let y be j(-5). Let b(c) be the third derivative of -1/6*c**4 + c**3 + 1/60*c**5 + 0*c - c**2 + 0. Calculate b(y).
6
Let k(g) = 3*g + 5*g - 3 - 7*g. Give k(5).
2
Let y(g) = -3 - 6 + 2*g - g. Let l be ((-2)/2)/(1/(-4)). Let a = l - -1. What is y(a)?
-4
Let k(b) = 2*b**2 + 4*b + 11. Let p(w) = -2*w - 12 - 3*w**2 + 0*w - 3*w. Let h(v) = 4*k(v) + 3*p(v). Suppose 3*j - 4 = 5*a - 7, 2 = 3*a - 2*j. Determine h(a).
8
Suppose 3*q + 0*b - 7 = b, 2*b - 2 = -2*q. Suppose 25 = 5*l - 5*v, 2*l = -q*l - 5*v - 7. Let z(i) = 1. Let f(u) = -u - 3. Let n(p) = f(p) + z(p). Give n(l).
-4
Let k(b) be the third derivative of 1/30*b**5 + 2*b**2 + 1/6*b**3 + 0 + 0*b - 1/120*b**6 + 1/12*b**4. Determine k(3).
-2
Let r(v) = 5*v - 1. Let m be 1/((-3)/(-9)) - 1. Suppose 0 = m*n - 2 + 4. Calculate r(n).
-6
Let w(a) = -a**3 + 0*a**2 + 1 + 0*a**2 + a. Let x(z) = -z**3 - 2*z**2 + z + 2. Let t be x(-1). Give w(t).
1
Let r(s) be the second derivative of s**4/6 + s**3/2 + s**2/2 + 2*s. Let d be r(-2). Let w(n) = -5*n**2 + 3*n**2 - n + n**d - 5 + 6*n**2. Give w(-4).
-1
Let m(a) = 7*a**3 + 2*a**2 + 2. Let t(v) = -4*v**3 - v**2 - 1. Let z(p) = 3*m(p) + 5*t(p). Determine z(2).
13
Let x(q) = -3*q - 1. Let b be x(1). Let m = -2 - b. Let o(f) = -f**3 - 3*f**m - 5 - 1 - f + 2. What is o(-3)?
-1
Let w(g) = -g**2 - 7 - 2*g + 0*g + 6. Let j = 1 - 1. Let l be (2 + j)/((-10)/15). What is w(l)?
-4
Let p be -13 + 2 - (-4 + 2). Let v be 5*(1 + p/15). Let c(u) = 2*u - 2